Is 2671972531 a prime number?
True
Is 74110510081 composite?
False
Is 809686747 prime?
False
Is 52152168263 composite?
True
Is 94665341 prime?
True
Is 350305889 a prime number?
True
Is 3460140694 prime?
False
Is 92633833 a prime number?
False
Is 651380417 a composite number?
False
Is 165519143 a composite number?
True
Is 1115780953 composite?
True
Is 3561042637 composite?
False
Is 1006742059 prime?
False
Is 132846599855 a prime number?
False
Is 114827779 a composite number?
True
Is 29793661439 a prime number?
False
Is 6361134217 composite?
True
Is 1801092133 a prime number?
True
Is 3833994763 composite?
True
Is 69442851683 composite?
True
Is 10122993547 a prime number?
False
Is 13285556285 prime?
False
Is 2520356455 composite?
True
Is 11793955679 a prime number?
False
Is 1772165567 composite?
True
Is 1757330866 prime?
False
Is 89448603857 prime?
True
Is 553378171 composite?
False
Is 8249509687 a composite number?
False
Is 107956609169 prime?
False
Is 3608517911 composite?
False
Is 26023548791 a composite number?
True
Is 489128327 composite?
True
Is 1696546981 prime?
True
Is 400153583 composite?
False
Is 387546409 composite?
False
Is 48234581 composite?
False
Is 146774672873 composite?
True
Is 210044087 a composite number?
True
Is 1653616669 a prime number?
True
Is 55676233 prime?
False
Is 345170029 prime?
True
Is 60290186581 a composite number?
True
Is 3303230897 a prime number?
True
Is 67206072886 a composite number?
True
Is 255243047 composite?
False
Is 10742036853 prime?
False
Is 49024059167 a prime number?
False
Is 91131622957 composite?
False
Is 94791914579 a composite number?
False
Is 4576099313 composite?
True
Is 29421896683 a composite number?
True
Is 15437834821 composite?
False
Is 1772564711 prime?
False
Is 227352761 composite?
False
Is 211065000413 a prime number?
True
Is 1176782799 a composite number?
True
Is 464825467 a composite number?
False
Is 37716276557 a composite number?
False
Is 44572260653 a prime number?
True
Is 119661413 a composite number?
True
Is 805103863 a prime number?
False
Is 746787539 a prime number?
False
Is 706840397 a composite number?
True
Is 3148161287 prime?
False
Is 13752250201 a prime number?
True
Is 6926582093 a prime number?
True
Is 12061267453 a composite number?
False
Is 93762999487 composite?
False
Is 981138107 composite?
True
Is 4949467619 a composite number?
True
Is 5873919131 composite?
False
Is 30540492421 composite?
False
Is 140639180783 prime?
True
Is 421370611 a prime number?
False
Is 7520884451 prime?
False
Is 2516292071 prime?
False
Is 1621762147 prime?
True
Is 267266070337 a prime number?
False
Is 7538967661 composite?
False
Is 267167063 a composite number?
True
Is 1905797363 a composite number?
True
Is 5618974841 composite?
False
Is 8912871413 a prime number?
True
Is 1287871181 a prime number?
True
Is 17106165191 prime?
False
Is 1504569991 a composite number?
False
Is 8126439877 a prime number?
False
Is 40770629 a composite number?
True
Is 5974383721 a prime number?
True
Is 1017482311 prime?
True
Is 21090803033 a composite number?
False
Is 14627795653 a prime number?
False
Is 2741862451 prime?
False
Is 7369741831 composite?
True
Is 31713137 a prime number?
True
Is 45141661 composite?
True
Is 72076847789 prime?
False
Is 536101121 a composite number?
False
Is 14409204983 prime?
True
Is 5952030377 a composite number?
False
Is 149924179 a composite number?
False
Is 61802404709 composite?
False
Is 225896683 prime?
False
Is 36293832847 prime?
False
Is 6510096781 prime?
True
Is 600914987 a prime number?
False
Is 2591662919 a composite number?
False
Is 28347086455 composite?
True
Is 58411819 prime?
True
Is 1552381511 composite?
False
Is 2143962861 a prime number?
False
Is 1091952787 prime?
False
Is 10475722883 composite?
False
Is 489652883 prime?
True
Is 562743859 prime?
False
Is 3101049011 composite?
False
Is 112626878587 prime?
True
Is 58855378079 a composite number?
True
Is 4311794897 a composite number?
False
Is 2613166069 a composite number?
True
Is 287821571 a composite number?
False
Is 351129167999 a prime number?
True
Is 5879650181 a prime number?
False
Is 474191099 a prime number?
False
Is 4010136551 composite?
False
Is 10488926971 a composite number?
False
Is 2998089151 a composite number?
True
Is 56311649809 a prime number?
True
Is 1629422247 a composite number?
True
Is 5114764643 a prime number?
False
Is 126646319 prime?
True
Is 68980454299 a prime number?
True
Is 315283662559 a composite number?
False
Is 8347281281 a composite number?
True
Is 686879147 a composite number?
False
Is 2901590101 composite?
True
Is 11408173501 a composite number?
False
Is 3990948757 prime?
False
Is 3427850821 prime?
False
Is 846554281 prime?
False
Is 90890480477 a composite number?
False
Is 122988023491 a composite number?
False
Is 72500938843 a composite number?
True
Is 1144577741 prime?
False
Is 1166048869 composite?
True
Is 568461679 composite?
True
Is 322863493 a composite number?
False
Is 225465916897 composite?
True
Is 5448708173 prime?
True
Is 20842470079 composite?
False
Is 3746660777 a prime number?
True
Is 61585964311 a prime number?
False
Is 287276837 a prime number?
True
Is 715261453 prime?
True
Is 384357353 a composite number?
False
Is 35682643987 prime?
True
Is 31271741 prime?
True
Is 32345418619 a composite number?
False
Is 170970467 a prime number?
True
Is 1775256922 composite?
True
Is 95290410653 a prime number?
True
Is 6505499171 prime?
False
Is 672326827 composite?
True
Is 6456298269 a composite number?
True
Is 1302135257 composite?
False
Is 10529609523 a composite number?
True
Is 242036279 prime?
True
Is 497666231 prime?
False
Is 72398817583 a composite number?
False
Is 125842951081 a prime number?
False
Is 925876051 a prime number?
False
Is 667534247 prime?
True
Is 60959632057 a prime number?
False
Is 39561937469 a prime number?
False
Is 3757228331 prime?
True
Is 618634993 a composite number?
False
Is 2873570846 composite?
True
Is 5929755653 a prime number?
False
Is 1532780813 a composite number?
False
Is 53786182523 composite?
False
Is 23584124653 a composite number?
True
Is 1526044489 a composite number?
True
Is 376596083 a composite number?
True
Is 851800091 a composite number?
False
Is 229360121 prime?
False
Is 22566058913 a prime number?
True
Is 610797673 a composite number?
False
Is 298833394 a prime number?
False
Is 390949651 prime?
True
Is 7687618117 a composite number?
True
Is 1088640989 a composite number?
False
Is 5640791201 a composite number?
False
Is 1135708027 prime?
False
Is 34607941553 prime?
False
Is 622581059 a prime number?
True
Is 11496924869 composite?
True
Is 924446407 a prime number?
True
Is 101317499 a prime number?
True
Is 1534521887 composite?
True
Is 28560747107 prime?
False
Is 7571166371 composite?
True
Is 3412938107 prime?
False
Is 31194379 composite?
False
Is 1619060869 a prime number?
True
Is 61981045121 a composite number?
True
Is 37355182889 prime?
False
Is 719871379 a composite number?
True
Is 920935121 prime?
True
Is 758122111 a composite number?
True
Is 533732699 a prime number?
True
Is 18573579938 prime?
False
Is 1450345541 prime?
True
Is 72427195409 prime?
False
Is 14013323491 a composite number?
False
Is 14095999613 composite?
True
Is 144975421111 a composite number?
False
Is 224989133 a composite number?
True
Is 612634861 prime?
True
Is 27925600891 a prime number?
True
Is 6505573873 a composite number?
False
Is 487095743 a composite number?
False
Is 1054875583 composite?
True
Is 505068571 prime?
False
Is 29099814167 prime?
False
Is 529588379 a composite number?
True
Is 457196381 composite?
False
Is 22433604329 composite?
True
Is 8755282009 a composite number?
True
Is 2422702571 a prime number?
False
Is 232103215 a composite number?
True
Is 2575514423 a composite number?
True
Is 167472619 a composite number?
True
Is 3589627277 composite?
False
Is 2866518143 prime?
False
Is 18209578489 a composite number?
False
Is 1431306743 a prime number?
False
Is 2887541089 prime?
False
Is 51912220881 a prime number?
False
Is 101798747 prime?
True
Is 88677031 a composite number?
True
Is 34027325333 a composite number?
True
Is 3049150207 prime?
True
Is 12531732011 composite?
False
Is 1261737545 a prime number?
False
Is 161557510001 prime?
False
Is 12259898